emainder when 558 is divided by 56?
54
What is the remainder when 140 is divided by 24?
20
What is the remainder when 518 is divided by 264?
254
Calculate the remainder when 157 is divided by 18.
13
What is the remainder when 251 is divided by 7?
6
Calculate the remainder when 1372 is divided by 32.
28
What is the remainder when 128 is divided by 13?
11
What is the remainder when 116 is divided by 6?
2
What is the remainder when 140 is divided by 47?
46
Calculate the remainder when 214 is divided by 95.
24
Calculate the remainder when 381 is divided by 184.
13
What is the remainder when 18790 is divided by 174?
172
What is the remainder when 117 is divided by 38?
3
What is the remainder when 289 is divided by 3?
1
What is the remainder when 87 is divided by 15?
12
What is the remainder when 263 is divided by 51?
8
What is the remainder when 113 is divided by 48?
17
What is the remainder when 69 is divided by 35?
34
Calculate the remainder when 6840 is divided by 457.
442
What is the remainder when 124 is divided by 83?
41
What is the remainder when 484 is divided by 95?
9
Calculate the remainder when 1226 is divided by 249.
230
Calculate the remainder when 1767 is divided by 44.
7
What is the remainder when 1394 is divided by 140?
134
Calculate the remainder when 92 is divided by 32.
28
Calculate the remainder when 7431 is divided by 21.
18
What is the remainder when 371 is divided by 11?
8
Calculate the remainder when 478 is divided by 48.
46
What is the remainder when 1638 is divided by 82?
80
What is the remainder when 756 is divided by 187?
8
What is the remainder when 697 is divided by 50?
47
Calculate the remainder when 416 is divided by 36.
20
What is the remainder when 671 is divided by 21?
20
What is the remainder when 1024 is divided by 54?
52
What is the remainder when 1572 is divided by 121?
120
What is the remainder when 92 is divided by 47?
45
What is the remainder when 437 is divided by 49?
45
What is the remainder when 340 is divided by 181?
159
Calculate the remainder when 37 is divided by 6.
1
Calculate the remainder when 1551 is divided by 56.
39
Calculate the remainder when 363 is divided by 65.
38
What is the remainder when 492 is divided by 33?
30
What is the remainder when 142 is divided by 13?
12
Calculate the remainder when 131 is divided by 19.
17
What is the remainder when 6577 is divided by 9?
7
Calculate the remainder when 93 is divided by 49.
44
Calculate the remainder when 865 is divided by 58.
53
Calculate the remainder when 2355 is divided by 19.
18
What is the remainder when 1639 is divided by 40?
39
What is the remainder when 420 is divided by 127?
39
Calculate the remainder when 386 is divided by 96.
2
Calculate the remainder when 1335 is divided by 54.
39
What is the remainder when 8250 is divided by 131?
128
Calculate the remainder when 872 is divided by 245.
137
What is the remainder when 7438 is divided by 76?
66
Calculate the remainder when 747 is divided by 68.
67
What is the remainder when 504 is divided by 87?
69
Calculate the remainder when 23 is divided by 2.
1
What is the remainder when 1715 is divided by 132?
131
What is the remainder when 163 is divided by 55?
53
What is the remainder when 4463 is divided by 95?
93
Calculate the remainder when 3393 is divided by 97.
95
What is the remainder when 166 is divided by 30?
16
Calculate the remainder when 907 is divided by 35.
32
What is the remainder when 22 is divided by 20?
2
What is the remainder when 59 is divided by 32?
27
Calculate the remainder when 175 is divided by 47.
34
Calculate the remainder when 288 is divided by 103.
82
What is the remainder when 287 is divided by 48?
47
What is the remainder when 379 is divided by 170?
39
Calculate the remainder when 35 is divided by 19.
16
What is the remainder when 595 is divided by 197?
4
What is the remainder when 74 is divided by 29?
16
What is the remainder when 153 is divided by 76?
1
Calculate the remainder when 559 is divided by 40.
39
What is the remainder when 71 is divided by 36?
35
Calculate the remainder when 985 is divided by 58.
57
Calculate the remainder when 263 is divided by 38.
35
What is the remainder when 37 is divided by 11?
4
Calculate the remainder when 1610 is divided by 50.
10
What is the remainder when 628 is divided by 126?
124
What is the remainder when 621 is divided by 156?
153
What is the remainder when 128 is divided by 17?
9
What is the remainder when 525 is divided by 84?
21
Calculate the remainder when 56582 is divided by 8.
6
What is the remainder when 93 is divided by 20?
13
What is the remainder when 751 is divided by 153?
139
Calculate the remainder when 479 is divided by 29.
15
What is the remainder when 292 is divided by 73?
0
Calculate the remainder when 104 is divided by 28.
20
Calculate the remainder when 122 is divided by 88.
34
Calculate the remainder when 47 is divided by 17.
13
What is the remainder when 283 is divided by 22?
19
What is the remainder when 2290 is divided by 29?
28
What is the remainder when 31 is divided by 16?
15
What is the remainder when 54 is divided by 19?
16
Calculate the remainder when 43 is divided by 12.
7
Calculate the remainder when 232 is divided by 16.
8
What is the remainder when 778 is divided by 27?
22
Calculate the remainder when 440 is divided by 95.
60
What is the remainder when 894 is divided by 13?
10
What is the remainder when 63 is divided by 13?
11
Calculate the remainder when 304 is divided by 102.
100
Calculate the remainder when 5114 is divided by 365.
4
What is the remainder when 39 is divided by 10?
9
Calculate the remainder when 1866 is divided by 110.
106
Calculate the remainder when 246 is divided by 62.
60
What is the remainder when 93 is divided by 41?
11
What is the remainder when 120 is divided by 40?
0
Calculate the remainder when 12 is divided by 4.
0
What is the remainder when 411 is divided by 126?
33
Calculate the remainder when 1352 is divided by 90.
2
What is the remainder when 250 is divided by 222?
28
What is the remainder when 1555 is divided by 756?
43
Calculate the remainder when 2743 is divided by 343.
342
What is the remainder when 41 is divided by 5?
1
What is the remainder when 21 is divided by 17?
4
What is the remainder when 158 is divided by 54?
50
What is the remainder when 319 is divided by 23?
20
What is the remainder when 61 is divided by 48?
13
What is the remainder when 830 is divided by 131?
44
Calculate the remainder when 636 is divided by 80.
76
What is the remainder when 5323 is divided by 73?
67
What is the remainder when 3191 is divided by 98?
55
What is the remainder when 60 is divided by 6?
0
What is the remainder when 34 is divided by 18?
16
What is the remainder when 49 is divided by 47?
2
Calculate the remainder when 144 is divided by 81.
63
What is the remainder when 6244 is divided by 36?
16
What is the remainder when 791 is divided by 78?
11
What is the remainder when 60 is divided by 21?
18
Calculate the remainder when 309 is divided by 36.
21
Calculate the remainder when 4282 is divided by 134.
128
Calculate the remainder when 668 is divided by 332.
4
What is the remainder when 492 is divided by 157?
21
Calculate the remainder when 330 is divided by 9.
6
Calculate the remainder when 771 is divided by 9.
6
Calculate the remainder when 460 is divided by 13.
5
Calculate the remainder when 922 is divided by 22.
20
Calculate the remainder when 4974 is divided by 8.
6
What is the remainder when 137 is divided by 32?
9
Calculate the remainder when 1038 is divided by 4.
2
Calculate the remainder when 478 is divided by 27.
19
What is the remainder when 159 is divided by 33?
27
What is the remainder when 1990 is divided by 55?
10
Calculate the remainder when 489 is divided by 139.
72
What is the remainder when 164 is divided by 21?
17
Calculate the remainder when 22 is divided by 9.
4
Calculate the remainder when 109 is divided by 19.
14
What is the remainder when 1822 is divided by 96?
94
What is the remainder when 1470 is divided by 161?
21
What is the remainder when 28 is divided by 16?
12
What is the remainder when 246 is divided by 77?
15
What is the remainder when 541 is divided by 34?
31
Calculate the remainder when 212 is divided by 38.
22
What is the remain